 be the second derivative of d**4/12 - d**3/2 + 3*d**2/2 - d. Determine y(p).
1
Let s(m) = 6*m - 5. Let v(a) = -a**3 - 2*a**2 + 14*a + 21. Let p be v(-4). Determine s(p).
-23
Let g(d) be the second derivative of -d**4/12 - 7*d**3/6 + d**2 - 523*d. Determine g(-9).
-16
Let j(o) be the third derivative of -o**4/24 - 5*o**3/3 - o**2 + 39*o. Give j(-11).
1
Let d(f) = f**2 - 8*f + 10. Let r = 53 - 58. Let g(q) = -q**3 - 4*q**2 + 4*q + 3. Let m be g(r). Calculate d(m).
10
Let k(r) = -5*r + 5. Let s be k(-4). Suppose 31 - s = 2*d. Let u(v) = d*v**2 + 3 - 7*v**2 + 3*v**2. Give u(4).
-13
Let f(x) = -2*x**3 - 2*x**2 + 7*x + 33. Let u(b) = b**3 + b**2 - 3*b - 16. Let o(y) = 2*f(y) + 5*u(y). What is o(0)?
-14
Let u be 10 - 15 - (-8 - 3). Let i(l) = l**3 - 7*l**2 + 6*l + 4. Calculate i(u).
4
Let h(b) = 44*b - b**2 - 22*b + 3 - 23*b. What is h(-3)?
-3
Suppose 0 = 14*t - 9*t - 15. Let y(g) = -3 + g**2 + 2*g - 3*g - 6 + 3. Let v be y(t). Let i(o) = o**2 + o - 6. Give i(v).
-6
Let j(r) = -r**3 - 4*r**2 + 4*r - 9. Let w be j(-5). Let d = -17 - -20. Let q(p) = -4*p**2 - 4*p**3 + 2*p**d + p + p**3 - 1. Determine q(w).
-5
Let f(u) = 1. Let a(p) = -3 - 4 + 3 - p - 3. Suppose -3*b - 4*v + 4 = 2*b, 2*b + v - 4 = 0. Let t(q) = b*f(q) + a(q). Calculate t(3).
-6
Let r(k) = -k**2 - 19*k + 10. Let j be ((-456)/(-24))/(1 - 2). Calculate r(j).
10
Let p = 8 + -13. Let y(d) be the third derivative of -d**6/120 - d**5/10 - d**4/8 + d**3 + 1253*d**2. Calculate y(p).
-4
Let j(q) = 5*q + 2. Let m be -3 + 12 + 5 + -5. Suppose 0 = -3*r, -m*n - r + 10 = -4*n. What is j(n)?
12
Let g(w) = -1 - 61*w + 30*w + w**2 - 2*w**2 + 30*w. Let i(f) = f**3 - 10*f**2 - 1. Let y(m) = 5*g(m) - i(m). Give y(4).
-8
Let y(a) = 2*a**2 + a + 10. Let k(u) = u**2 + 2*u + 9. Let m(w) = 3*k(w) - 2*y(w). Let i be 1 - 1 - (-42)/6. Give m(i).
-14
Let f(n) = n + 4. Suppose -3*r + 4*r = 5. Suppose 0 = -5*g - h + 25, -3*h = r*g - 4 - 21. Let y = 5 - g. Give f(y).
4
Let b(l) = 79*l + 10. Let s(u) = 63*u + 10. Let d(n) = -4*b(n) + 5*s(n). What is d(11)?
-1
Let f(u) = -u**3 - 4*u**2 + 17*u - 21. Suppose 24*w + 119 = 7*w. Calculate f(w).
7
Let a(t) be the second derivative of -t**5/20 + t**4/12 - t**2/2 - 10*t. Let y = -28 + 14. Let u be 1/3 - y/(-6). Calculate a(u).
11
Let g(f) be the first derivative of -f**4/2 + 8*f**3/3 + 11*f**2/2 - 7*f - 469. What is g(5)?
-2
Let r(c) = -c**2 - 14*c - 11. Let x be r(-11). Let y(m) = -m**3 + 19*m + 1 - 46*m + x*m + 5*m**2. Let v be (-38)/(-9) - (-2)/(-9). Determine y(v).
-3
Let f(u) = 3*u + 4. Let p(i) = 10*i + 15. Let v(c) = -7*f(c) + 2*p(c). Calculate v(-1).
3
Let y(w) = w**2 + 7*w + 2. Suppose 0 = -2*i + 73 - 15. Let r = 48 - i. Let m = r - 24. Determine y(m).
-8
Let y be (-20)/12*348/145. Let r(u) = -u**2 + u - 2. What is r(y)?
-22
Let a(d) be the second derivative of d**3/3 - 19*d**2 + 656*d. What is a(17)?
-4
Let w(n) be the third derivative of -1/6*n**3 + 0 - 1/12*n**6 + 4*n**2 + 0*n**5 + 1/24*n**4 + 0*n. Let s = 111 - 110. Determine w(s).
-10
Let i = -1 - -5. Let f(o) = o**3 - 4*o**2 - 1. Let j be f(i). Let w = -2 + j. Let t(s) = s**3 + 3*s**2 + 4*s + 4. What is t(w)?
-8
Let a(d) = -12*d + 4. Let g(n) = n - 18. Let h be g(22). Let p(t) = 12*t - 3. Let l(k) = h*a(k) + 5*p(k). What is l(-1)?
-11
Let n(x) = -x**2 + 7*x + 8. Let z be (-61)/(-366) - (-94)/12. Give n(z).
0
Suppose -h = -3*a - 8, -h - a = a + 2. Let w(j) = 0*j + 2*j + 3 + h*j - 3*j. Calculate w(-3).
0
Let m(s) be the second derivative of -s**6/120 - s**5/10 + s**4/24 + 4*s**3/3 + 23*s**2/2 - 13*s. Let i(o) be the first derivative of m(o). Determine i(-6).
2
Let h(u) = 3*u - 13*u + 12 + 9*u - 5*u. Determine h(5).
-18
Let u(o) = -12*o. Let b be (-9)/12 + 35/20. What is u(b)?
-12
Let x(l) be the second derivative of l**5/20 - l**4/3 + l**3/3 + l**2 + 44*l - 2. Calculate x(4).
10
Let k(z) = z + 1. Let d = 166 - 174. Determine k(d).
-7
Let f be ((-9)/6)/((-3)/(-6)). Let m be 40/20 + (f - -1). Let j(h) = h**2 + h + 11. Calculate j(m).
11
Let u(a) = 3*a**3 + 23*a**2 + 10*a + 21. Let v(q) = q**3 + 8*q**2 + 3*q + 7. Let r(k) = 2*u(k) - 7*v(k). Determine r(-10).
3
Let l(d) be the second derivative of d**3/6 - 5*d**2 + 2*d + 229. Calculate l(0).
-10
Let v(t) = 4*t. Let q be 90/12*(-3 + (-33)/(-9)). Suppose -3*h + 8 = -q*h. Determine v(h).
-16
Let q(u) = -u**3 + 2*u**2 - 5. Let s = -2186 - -2188. Calculate q(s).
-5
Let d = -1 - -7. Let m(t) be the first derivative of 1/2*t**2 - 4*t + 12 + 1/4*t**4 - 2*t**3. Give m(d).
2
Let x(l) be the second derivative of l**4/12 + 2*l**3 + 9*l**2/2 + 23*l. Give x(-10).
-11
Let t(f) = f - 1. Let a(q) = -q**2 + 8*q + 10. Let c be a(9). Let x be c/(-5) + 216/(-45). Let l be 1/x + (-36)/(-5). Determine t(l).
6
Let m(p) = p**2 + 9*p - 5. Suppose 97*r - 110*r = 104. Give m(r).
-13
Let a(n) = 82 - 14*n - 58 - 4*n**2 + 3*n**2. Let g be a(-16). Let m(p) = p**2 + 7*p - 4. Determine m(g).
4
Let n(d) be the first derivative of d**2/2 + 2*d + 1. Let x(v) = -2*v - 5. Suppose 0 = 5*j - 5*o + 20, o + 1 = 5*j + 13. Let b be x(j). What is n(b)?
1
Let r(g) = -g**2 - 3*g + 1. Let s be r(-3). Let l(h) = h + s - 1. Suppose 16 = 4*q + 5*t, -2*q + 3*q + 13 = 3*t. Give l(q).
-1
Let c(y) = 20*y**3 - 3*y**2 + 4*y - 5. Let b(f) = -18*f**3 + 2*f**2 - 3*f + 4. Let k(n) = 3*b(n) + 2*c(n). What is k(1)?
-13
Let p(t) = t**3 - 6*t**2 + 7*t. Let m be p(5). Suppose m*q - 12*q = 0. Let s(y) = q + y**2 + 0 - 5*y + 1 - 4. Give s(4).
-7
Suppose -3*d + 10 = -2*a, 0 = 2*a + a + 6. Let p = 0 - d. Let q(t) = 1 + 2*t + 0*t**2 - 3*t**2 - 4*t. Calculate q(p).
-7
Let h be (6 + -1)/(10/4). Let i(d) = -h + 11*d - 8*d - 2. What is i(-3)?
-13
Let f(s) be the first derivative of -s**4/4 - 5*s**3/3 - s**2/2 - 4*s + 297. Calculate f(-4).
-16
Let l be (-12)/(-9)*3/(-1). Let d(o) = 147 + o + 135 - 418 + 133. Determine d(l).
-7
Let a(y) = -y**3 + 8*y**2 - 9*y + 8. Let f(o) = -o**3 + 9*o**2 - 10*o + 9. Let n(k) = -5*a(k) + 4*f(k). Let z = -1065 - -1068. What is n(z)?
2
Let h(d) = -d**3 - 6*d**2 - 3*d - 4. Let f = 84 + -89. Determine h(f).
-14
Let b(a) = 2*a**2 + 1. Let m(t) = -t**2 + 2*t - 2. Let i(u) = -b(u) - m(u). What is i(0)?
1
Let m(b) = -5 + 0 + 0*b**2 - b**2 + 6*b. Let g(w) = 3*w. Let a be (-18)/30 - (-26)/10. Let i be g(a). Determine m(i).
-5
Let m be (-15)/(-9) + (-4)/6. Let x(t) = -9*t + 1. Let w(s) = -18*s + 2. Let d(z) = 6*w(z) - 11*x(z). Calculate d(m).
-8
Let p(h) = 13*h**3. Suppose 0 = -6*v + 12 - 12. Let r be (-1 + v)/(-2 + 6 + -5). Determine p(r).
13
Let t(m) = m**2 - 7*m - 3. Let i(v) = -391*v - 3. Let p be i(-3). Let w be 2/(-9) - p/(-162). Determine t(w).
-3
Let l be (8 + -9)/((-1)/2). Let r(p) = -2*p + 2 + p**2 + 5*p**2 - 5*p**l. Determine r(3).
5
Let r(m) = -m**2 - 7*m + 5. Let v(j) = -j**2 + 28*j - 101. Let o be v(24). What is r(o)?
15
Suppose 3*g = 5*n + 26, 7*n = 2*g + 3*n - 20. Suppose g*p - 20 = -34. Let i(q) = q**2 + 8*q + 2. Give i(p).
-5
Let a(g) = g**2 - 9*g + 10. Let q = -19 - -9. Let c(h) = -h - 9. Let i be c(q). Suppose 6 = x - i. What is a(x)?
-4
Let m be 6 + -6*63/(-54) + -3. Let x(g) be the second derivative of g**3/6 - 4*g**2 - 2*g. Determine x(m).
2
Suppose -5*z + 22*z + 17 = 0. Let t(a) = -23*a + 3. Let d(u) = 15*u - 2. Let k(b) = -7*d(b) - 5*t(b). What is k(z)?
-11
Let z(c) be the first derivative of c**2 + 19*c - 223. Determine z(-8).
3
Let y(n) = -5*n**3 + 2*n**2 + 4*n + 3. Let b(a) = -6*a**3 + 2*a**2 + 5*a + 4. Let f(o) = 3*b(o) - 4*y(o). Determine f(-1).
-3
Let i be 20 - (-1 + (3 - 0)). Let v be 30/i + 2/(-3). Let t = 2 + v. Let p(z) = -z**3 + 5*z**2 - 4*z. What is p(t)?
6
Suppose -3*q - 12 = 36. Let x be (q/(-5))/(8/20). Let z(b) = x - 6 + 5 - b**2 - 4*b. Calculate z(-5).
2
Let x(d) = -d**2 + 8*d + 2. Let z be x(8). Let l(p) = -12*p**z - 5 - 16*p**2 + 6*p + 29*p**2. What is l(-5)?
-10
Suppose 7*d - 4*d = 4*i + 4, -2*i - 3*d + 16 = 0. Let p(y) be the first derivative of -y**2/2 + 2*y - 57. Calculate p(i).
0
Let a(u) = 14*u - 14. Let s(z) = -4*z + 1. Let c(f) = -a(f) - 2*s(f). Give c(8).
-36
Let l(r) = -10*r + 52. Let b be l(6). Let h(i) = -i**3 - 9*i**2 - 8*i - 3. Determine h(b).
-3
Let u(t) = t**2 - 6*t. Let i be u(5). Let o(x) be the first derivative of x**3/3 + 5*x**2/2 - 7*x - 20. Give o(i).
-7
Let a(w) = -5*w - 15. Let b be 2/(-25) - (348/25 + -6). Calculate a(b).
25
Suppose -6*j + 2*j = -12